{"id":4086,"date":"2017-07-31T09:31:40","date_gmt":"2017-07-31T09:31:40","guid":{"rendered":"http:\/\/pflegedienst-ab.de\/?page_id=4086"},"modified":"2017-08-30T15:18:01","modified_gmt":"2017-08-30T15:18:01","slug":"vitakt-hausnotruf","status":"publish","type":"page","link":"https:\/\/pflegedienst-ab.de\/?page_id=4086","title":{"rendered":"Vitakt-Hausnotruf"},"content":{"rendered":"<p>[et_pb_section bb_built=&#8220;1&#8243; admin_label=&#8220;section&#8220; _builder_version=&#8220;3.0.47&#8243;][et_pb_row admin_label=&#8220;row&#8220; _builder_version=&#8220;3.0.47&#8243; background_size=&#8220;initial&#8220; background_position=&#8220;top_left&#8220; background_repeat=&#8220;repeat&#8220;][et_pb_column type=&#8220;4_4&#8243;][et_pb_text admin_label=&#8220;Text&#8220; _builder_version=&#8220;3.0.51&#8243; background_size=&#8220;initial&#8220; background_position=&#8220;top_left&#8220; background_repeat=&#8220;repeat&#8220; background_layout=&#8220;light&#8220; text_orientation=&#8220;left&#8220; border_style=&#8220;solid&#8220;]<\/p>\n<p><strong>in Kooperation mit der Vitakt Hausnotruf GmbH<\/strong><\/p>\n<p><strong>Die Gewissheit, dass jemand da ist<\/strong><\/p>\n<p>Hausnotrufsysteme sind daf\u00fcr da, Hilfe per Knopfdruck zu holen. Vitakt erfasst die Situation und kontaktiert Ihre Angeh\u00f6rigen, Nachbarn oder unseren Pflegedienst als Vitaktpartner f\u00fcr schnelle Hilfe.<\/p>\n<p>Die Mitarbeiter von Vitakt sind an 365 Tagen im Jahr 24 Stunden f\u00fcr Sie da. Das Herz des Vitakt-Systems ist der 16 Gramm leichte und wasserdichte Vitakt-Sender. In\u00a0 seiner Bedienung ist er denkbar einfach: Sie dr\u00fccken auf den gr\u00fcnen Knopf und wenige Sekunden sp\u00e4ter erklingt eine freundliche Stimme, die sich nach Ihrem Wohlbefinden erkundigt.<\/p>\n<p>Dank des Vitakt-Funkfingers, den Sie am K\u00f6rper tragen, k\u00f6nnen Sie in einer Situation, in der Sie Hilfe ben\u00f6tigen, per Knopfdruck ein Signal an das Haus\u00adnotrufsystem senden und so \u00fcber Ihren Telefonanschluss direkt Kontakt zu der st\u00e4ndig besetzten Vitakt-Servicezentrale aufnehmen und \u00fcber die einge\u00adbaute Wechselsprechanlage direkt mit den Mitarbeitern der Vitakt GmbH sprechen.<\/p>\n<p>Das Vitakt-System wird bei Ihnen zu Hause in Betrieb genommen. Daf\u00fcr wird ein zentraler Platz in der Wohnung ausgew\u00e4hlt, damit Sie den Vitakt-Mitarbeiter beim freien Gespr\u00e4ch \u00fcber den Lautsprecher klar und deutlich h\u00f6ren k\u00f6nnen, wenn Sie den Knopf dr\u00fccken. Die bew\u00e4hrte und komfortable Bauweise macht das Vitakt-System zu einem langlebigen und zuverl\u00e4ssigen Helfer.<\/p>\n<p>Vorab werden in der Vitakt-Serviceleitstelle die Kontaktdaten von Ihren Angeh\u00f6rigen, Nachbarn und \/ oder \u00a0von unserem Pflegedienst hinterlegt. Ganz nach Ihrer Vorgabe werden diese bei einem ausgel\u00f6sten Hilferuf angerufen. Vitakt bleibt mit Ihnen in Kontakt bis Hilfe vor Ort eingetroffen ist.<\/p>\n<p>Wenn Sie einen Pflegegrad haben, k\u00f6nnen Sie einen Antrag auf Kosten\u00fcbernahme f\u00fcr das Vitakt-Hausnotrufsystem bei Ihrer Pflegekasse stellen. Wird dieser Antrag genehmigt, ist das Vitakt-Hausnotrufsystem f\u00fcr Sie sogar zuzahlungsfrei.<\/p>\n<p>Gerne sind wir Ihnen bei der Beantragung der Kosten\u00fcbernahme und bei der Bereitstellung des Hausnotrufsystems behilflich und unterbreiten Ihnen ein Angebot zur Nutzung unseres Pflegedienstes f\u00fcr die Notrufverfolgung.<\/p>\n<p><span style=\"color: #000000;\">Au<\/span><span style=\"color: #0c71c3;\"><span style=\"color: #000000;\">sf\u00fchrliche Informationen finden Sie unter <a href=\"http:\/\/www.vitakt.com\" target=\"_blank\" rel=\"noopener\">w<strong><span style=\"color: #000000;\">www.vitakt.com<\/span><\/strong><\/a>\u00a0<\/span><\/span><\/p>\n<p><a href=\"https:\/\/pflegedienst-ab.de\/?page_id=3946\"><span style=\"color: #16a085;\">&lt;&lt;&lt; zur\u00fcck<\/span><\/a><\/p>\n<p>[\/et_pb_text][\/et_pb_column][\/et_pb_row][\/et_pb_section]<\/p>\n","protected":false},"excerpt":{"rendered":"<p>[et_pb_section bb_built=&#8220;1&#8243; admin_label=&#8220;section&#8220; _builder_version=&#8220;3.0.47&#8243;][et_pb_row admin_label=&#8220;row&#8220; _builder_version=&#8220;3.0.47&#8243; background_size=&#8220;initial&#8220; background_position=&#8220;top_left&#8220; background_repeat=&#8220;repeat&#8220;][et_pb_column type=&#8220;4_4&#8243;][et_pb_text admin_label=&#8220;Text&#8220; _builder_version=&#8220;3.0.51&#8243; background_size=&#8220;initial&#8220; background_position=&#8220;top_left&#8220; background_repeat=&#8220;repeat&#8220; background_layout=&#8220;light&#8220; text_orientation=&#8220;left&#8220; border_style=&#8220;solid&#8220;] in Kooperation mit der Vitakt Hausnotruf GmbH Die Gewissheit, dass jemand da ist Hausnotrufsysteme sind daf\u00fcr da, Hilfe per Knopfdruck zu holen. Vitakt erfasst die Situation und kontaktiert Ihre Angeh\u00f6rigen, Nachbarn oder unseren Pflegedienst als Vitaktpartner f\u00fcr [&hellip;]<\/p>\n","protected":false},"author":3,"featured_media":0,"parent":0,"menu_order":0,"comment_status":"closed","ping_status":"closed","template":"","meta":{"_et_pb_use_builder":"on","_et_pb_old_content":"<p><strong>Bef\u00fcrchten Sie, zu Hause zu st\u00fcrzen und keine Hilfe holen zu k\u00f6nnen? <\/strong><\/p><p>Es gibt viele Menschen, die aufgrund ihrer besonderen Lebenssituation ein h\u00f6heres Ma\u00df an Sicherheit ben\u00f6tigen. Deshalb bieten wir Ihnen gemeinsam mit unserem Kooperations\u00adpartner \u2013 der <strong>Vitakt Hausnotruf GmbH<\/strong> \u2013 an, unseren Hausnotruf-Service zu nutzen.<\/p><div><a class=\"enlarge\" href=\"http:\/\/www.pflegedienst-kb.de\/assets\/images\/vitakt-funkfinger-gross.jpg\"><img src=\"http:\/\/www.pflegedienst-kb.de\/assets\/images\/vitakt-funkfinger.jpg\" alt=\"Vitakt Funkfinger\" \/><\/a><\/div><p>Dank des Vitakt-Funkfingers, den Sie am K\u00f6rper tragen, k\u00f6nnen Sie in einer Situation, in der Sie Hilfe ben\u00f6tigen, per Knopfdruck ein Signal an das Haus\u00adnotrufsystem senden und so \u00fcber Ihren Telefonanschluss direkt Kontakt zu der st\u00e4ndig besetzten Vitakt-Servicezentrale aufnehmen und \u00fcber die einge\u00adbaute Wechselsprechanlage direkt mit den Mitarbeitern der Vitakt GmbH sprechen.<\/p><div><img src=\"http:\/\/www.pflegedienst-kb.de\/assets\/images\/vitakt-grafik-klein.jpg\" alt=\"Vitakt Hausnptruf\" \/><\/div><p>Der Servicemitarbeiter wird dann das von Ihnen Gew\u00fcnschte umsetzen, z.B.:<\/p><ul><li>unseren Pflegedienst benachrichtigen<\/li><li>Ihre Angeh\u00f6rigen anrufen oder<\/li><li>den Rettungsdienst verst\u00e4ndigen.<\/li><\/ul><p>\u00a0<\/p><p>Kann nach einem Notruf nicht mit Ihnen ge\u00adsproch\u00aden werden, z. B. weil Sie bewusstlos sind, werden die Personen in der Notrufverfolgungs\u00adliste, die Sie zuvor festlegen, benachrichtigt. In einer akuten Notlage wird der Rettungsdienst benachrichtigt.<\/p><p>Wenn Sie Leistungen aus der Pflegeversiche\u00adrung beziehen, k\u00f6nnen Sie einen Antrag auf Kosten\u00fcbernahme f\u00fcr das Vitakt-Hausnotrufsystem bei Ihrer Pflegekasse stellen. Wenn dieser Antrag genehmigt wird, ist das Vitakt-Hausnotrufsystem f\u00fcr Sie sogar zuzahlungsfrei.<\/p><p>Gerne sind wir Ihnen bei der Beantragung der Kosten\u00fcbernahme und bei der Bereitstellung des Hausnotrufsystems behilflich.<\/p><p>Ausf\u00fchrliche Informationen finden Sie unter <a href=\"http:\/\/www.vitakt.com\/endkunden_vitakt_basis.php\" target=\"_blank\" rel=\"noopener\">www.vitakt.com<\/a> unter dem Angebot \u201eVitakt Basis\u201c.<\/p>"},"_links":{"self":[{"href":"https:\/\/pflegedienst-ab.de\/index.php?rest_route=\/wp\/v2\/pages\/4086"}],"collection":[{"href":"https:\/\/pflegedienst-ab.de\/index.php?rest_route=\/wp\/v2\/pages"}],"about":[{"href":"https:\/\/pflegedienst-ab.de\/index.php?rest_route=\/wp\/v2\/types\/page"}],"author":[{"embeddable":true,"href":"https:\/\/pflegedienst-ab.de\/index.php?rest_route=\/wp\/v2\/users\/3"}],"replies":[{"embeddable":true,"href":"https:\/\/pflegedienst-ab.de\/index.php?rest_route=%2Fwp%2Fv2%2Fcomments&post=4086"}],"version-history":[{"count":24,"href":"https:\/\/pflegedienst-ab.de\/index.php?rest_route=\/wp\/v2\/pages\/4086\/revisions"}],"predecessor-version":[{"id":4217,"href":"https:\/\/pflegedienst-ab.de\/index.php?rest_route=\/wp\/v2\/pages\/4086\/revisions\/4217"}],"wp:attachment":[{"href":"https:\/\/pflegedienst-ab.de\/index.php?rest_route=%2Fwp%2Fv2%2Fmedia&parent=4086"}],"curies":[{"name":"wp","href":"https:\/\/api.w.org\/{rel}","templated":true}]}}