{"id":3984,"date":"2017-07-11T14:21:59","date_gmt":"2017-07-11T14:21:59","guid":{"rendered":"http:\/\/pflegedienst-ab.de\/?page_id=3984"},"modified":"2017-08-30T14:10:03","modified_gmt":"2017-08-30T14:10:03","slug":"verhinderungespflege-urlaubspflege","status":"publish","type":"page","link":"https:\/\/pflegedienst-ab.de\/?page_id=3984","title":{"rendered":"Verhinderungespflege \/ Urlaubspflege"},"content":{"rendered":"<p>[et_pb_section bb_built=&#8220;1&#8243; admin_label=&#8220;section&#8220;][et_pb_row admin_label=&#8220;row&#8220; background_position=&#8220;top_left&#8220; background_repeat=&#8220;repeat&#8220; background_size=&#8220;initial&#8220;][et_pb_column type=&#8220;4_4&#8243;][et_pb_text admin_label=&#8220;Text&#8220; _builder_version=&#8220;3.0.51&#8243; background_layout=&#8220;light&#8220; text_orientation=&#8220;left&#8220; border_style=&#8220;solid&#8220;]<\/p>\n<h2><span style=\"color: #16a085;\">Verhinderungspflege \/ Urlaubspflege<\/span><\/h2>\n<p>&nbsp;<\/p>\n<p>Wenn Sie als pflegender Angeh\u00f6riger in Ihren wohlverdienten Urlaub gehen m\u00f6chten oder durch Krankheit verhindert sind, haben Sie die M\u00f6glichkeit, eine Vertretung in Anspruch zu nehmen.<\/p>\n<p>Auch wenn Sie nur f\u00fcr einige Stunden verhindert sind, beispielsweise wenn Sie selbst einen Arzttermin haben oder zu einer Familienfeier gehen m\u00f6chten, k\u00f6nnen Sie unsere Hilfe als stundenweise Verhinderungspflege nutzen.<\/p>\n<p>Voraussetzung daf\u00fcr ist, dass Sie Ihren Angeh\u00f6rigen zuvor seit mindestens sechs Monaten gepflegt haben.<\/p>\n<p>Bei Erbringung der Verhinderungspflege \/ Urlaubspflege durch die Ambulanter Pflegedienst Anja Ballandt GmbH \u00fcbernimmt die Pflegekasse die nachgewiesenen Aufwendungen<strong> bis zu 1.612,- \u20ac pro Kalenderjahr<\/strong>. Dieses Budget kann noch erh\u00f6ht werden auf 2.418,- \u20ac pro Kalenderjahr.<\/p>\n<p>Bei der Beantragung dieser Leistungen sind wir Ihnen gerne behilflich.<\/p>\n<p><a href=\"https:\/\/pflegedienst-ab.de\/?page_id=3946\"><span style=\"color: #16a085;\">&lt;&lt;&lt; zur\u00fcck<\/span><\/a><\/p>\n<p>[\/et_pb_text][\/et_pb_column][\/et_pb_row][\/et_pb_section]<\/p>\n","protected":false},"excerpt":{"rendered":"<p>[et_pb_section bb_built=&#8220;1&#8243; admin_label=&#8220;section&#8220;][et_pb_row admin_label=&#8220;row&#8220; background_position=&#8220;top_left&#8220; background_repeat=&#8220;repeat&#8220; background_size=&#8220;initial&#8220;][et_pb_column type=&#8220;4_4&#8243;][et_pb_text admin_label=&#8220;Text&#8220; _builder_version=&#8220;3.0.51&#8243; background_layout=&#8220;light&#8220; text_orientation=&#8220;left&#8220; border_style=&#8220;solid&#8220;] Verhinderungspflege \/ Urlaubspflege &nbsp; Wenn Sie als pflegender Angeh\u00f6riger in Ihren wohlverdienten Urlaub gehen m\u00f6chten oder durch Krankheit verhindert sind, haben Sie die M\u00f6glichkeit, eine Vertretung in Anspruch zu nehmen. Auch wenn Sie nur f\u00fcr einige Stunden verhindert sind, beispielsweise wenn Sie [&hellip;]<\/p>\n","protected":false},"author":3,"featured_media":0,"parent":0,"menu_order":0,"comment_status":"closed","ping_status":"closed","template":"","meta":{"_et_pb_use_builder":"on","_et_pb_old_content":""},"_links":{"self":[{"href":"https:\/\/pflegedienst-ab.de\/index.php?rest_route=\/wp\/v2\/pages\/3984"}],"collection":[{"href":"https:\/\/pflegedienst-ab.de\/index.php?rest_route=\/wp\/v2\/pages"}],"about":[{"href":"https:\/\/pflegedienst-ab.de\/index.php?rest_route=\/wp\/v2\/types\/page"}],"author":[{"embeddable":true,"href":"https:\/\/pflegedienst-ab.de\/index.php?rest_route=\/wp\/v2\/users\/3"}],"replies":[{"embeddable":true,"href":"https:\/\/pflegedienst-ab.de\/index.php?rest_route=%2Fwp%2Fv2%2Fcomments&post=3984"}],"version-history":[{"count":8,"href":"https:\/\/pflegedienst-ab.de\/index.php?rest_route=\/wp\/v2\/pages\/3984\/revisions"}],"predecessor-version":[{"id":4176,"href":"https:\/\/pflegedienst-ab.de\/index.php?rest_route=\/wp\/v2\/pages\/3984\/revisions\/4176"}],"wp:attachment":[{"href":"https:\/\/pflegedienst-ab.de\/index.php?rest_route=%2Fwp%2Fv2%2Fmedia&parent=3984"}],"curies":[{"name":"wp","href":"https:\/\/api.w.org\/{rel}","templated":true}]}}